n base 14, what is 4c + 4?
52
In base 12, what is 7092 + -5?
7089
In base 12, what is 0 - 2b3?
-2b3
In base 14, what is -5 + a4?
9d
In base 12, what is 92 - -28?
ba
In base 12, what is a + -25?
-17
In base 2, what is 1000011 - -10001?
1010100
In base 12, what is 336 + 4?
33a
In base 14, what is 24 + 72?
96
In base 10, what is 523 + -4?
519
In base 9, what is -5 - -11?
5
In base 13, what is 2 + 9?
b
In base 15, what is 1 + d?
e
In base 9, what is 1 - -270?
271
In base 2, what is 100 + -100010001?
-100001101
In base 11, what is 3 - -153?
156
In base 9, what is -5 + -4?
-10
In base 3, what is -101001100 + -2?
-101001102
In base 14, what is -4 + -d?
-13
In base 2, what is -100101 + 10001?
-10100
In base 5, what is 1423 + 2?
1430
In base 8, what is 7 - 234?
-225
In base 4, what is 130010 + -10?
130000
In base 6, what is 245 - 12?
233
In base 14, what is -21 + 2?
-1d
In base 12, what is -9a - 68?
-146
In base 6, what is -5334 - 1?
-5335
In base 3, what is 20122 + 2?
20201
In base 4, what is 22 - -102?
130
In base 11, what is -1 + -111?
-112
In base 7, what is 13 + 134?
150
In base 11, what is 8 - a?
-2
In base 3, what is -10 - -2101001?
2100221
In base 14, what is 4b + -2?
49
In base 12, what is 71 - 7?
66
In base 10, what is 0 - -235?
235
In base 12, what is 331 + 6?
337
In base 14, what is -10b + -3?
-110
In base 14, what is -4 - 38?
-3c
In base 14, what is 3 + -12?
-d
In base 15, what is -5506 + -3?
-5509
In base 11, what is -1253 - -1a?
-1234
In base 10, what is 2 - 223?
-221
In base 7, what is -22 - 103?
-125
In base 13, what is -58 - 0?
-58
In base 13, what is 6 - 9?
-3
In base 10, what is 3 + 2805?
2808
In base 10, what is -10842 - -4?
-10838
In base 3, what is -112001 - 1?
-112002
In base 7, what is -13424 - 3?
-13430
In base 3, what is 221 + 102?
1100
In base 11, what is -3 - -3351?
3349
In base 12, what is 38 - 1?
37
In base 16, what is -72d + -1?
-72e
In base 8, what is -4 + -67?
-73
In base 9, what is 2 + -821?
-818
In base 10, what is -13 + 825?
812
In base 16, what is 2 + 14?
16
In base 5, what is 20 + 332?
402
In base 12, what is 8a5 - 0?
8a5
In base 8, what is 12423 + -3?
12420
In base 3, what is -221 + -12?
-1010
In base 6, what is -14411 - 5?
-14420
In base 14, what is -64 - -18?
-4a
In base 4, what is 103 + -212?
-103
In base 2, what is 101000011 + -101?
100111110
In base 9, what is 7 - 76?
-68
In base 13, what is a08 + 6?
a11
In base 14, what is -d - -15d?
150
In base 14, what is 0 + 36?
36
In base 5, what is 114 - 24?
40
In base 5, what is 200 + 2040?
2240
In base 10, what is 7205 - -4?
7209
In base 15, what is 88 + 2?
8a
In base 11, what is -556 + -3?
-559
In base 3, what is -12 + -2112?
-2201
In base 7, what is 250 + 42?
322
In base 12, what is -94 - -75?
-1b
In base 16, what is 2 + -a83?
-a81
In base 3, what is -100012020 - -12?
-100012001
In base 12, what is 3542 - 1?
3541
In base 5, what is 10 - 12?
-2
In base 7, what is -1 + 44?
43
In base 9, what is 130 + -45?
74
In base 9, what is -2 - 223?
-225
In base 11, what is 1a0 + -3?
198
In base 16, what is 0 - 21d?
-21d
In base 7, what is 4 - -1526?
1533
In base 4, what is 10 - -10121?
10131
In base 5, what is 110 - -2?
112
In base 6, what is 1 - -2243?
2244
In base 13, what is 37 + 23?
5a
In base 8, what is -116 + -15?
-133
In base 8, what is 50 - -37?
107
In base 8, what is -2 + -6463?
-6465
In base 2, what is 101011011111 + -101?
101011011010
In base 8, what is -4 - 41?
-45
In base 9, what is -1 + -6?
-7
In base 5, what is -3 + -24344?
-24402
In base 13, what is ca6 - 3?
ca3
In base 16, what is 1b7 + -3?
1b4
In base 7, what is 0 + 1026?
1026
In base 7, what is -4 + 102?
65
In base 16, what is 1 - -57?
58
In base 9, what is 75371 + 4?
75375
In base 10, what is 1623 - 3?
1620
In base 11, what is -3 + -144?
-147
In base 16, what is 6 - -9?
f
In base 6, what is -10 - -5541?
5531
In base 4, what is 1 - 1112?
-1111
In base 4, what is 2020 + -11?
2003
In base 13, what is -935 + 12?
-923
In base 10, what is -1 - 82?
-83
In base 16, what is 192 + -5?
18d
In base 5, what is -102 - -124?
22
In base 3, what is -21 - -201?
110
In base 11, what is 0 + -43?
-43
In base 7, what is 132 - -103?
235
In base 16, what is 15c - 5?
157
In base 14, what is 12 - -28?
3a
In base 6, what is -3 - -1354?
1351
In base 8, what is -1 - -73?
72
In base 9, what is 1 + 1116?
1117
In base 7, what is 5243 - 1?
5242
In base 15, what is -307 + -1?
-308
In base 14, what is 164 + 2?
166
In base 5, what is -4 + -213?
-222
In base 5, what is -3 + 43?
40
In base 12, what is -19 + -34?
-51
In base 13, what is -5 + -54?
-59
In base 14, what is c + -8b?
-7d
In base 13, what is 12 + 8?
1a
In base 6, what is -1325 + 1?
-1324
In base 2, what is -1010111 - -111?
-1010000
In base 4, what is 211 + 30?
301
In base 6, what is -2 - 201?
-203
In base 4, what is -103320 - -11?
-103303
In base 10, what is -1 - -147?
146
In base 9, what is 51 + -3?
47
In base 16, what is 4c + 14?
60
In base 14, what is 13 + 16?
29
In base 6, what is 334 - 2?
332
In base 9, what is 221 - -3?
224
In base 11, what is 11 - 29?
-18
In base 14, what is 5ab - -5?
5b2
In base 7, what is 1012 + -2?
1010
In base 6, what is 44045 - 1?
44044
In base 7, what is 14 + -223?
-206
In base 2, what is -1 - -11?
10
In base 14, what is 1a - 1?
19
In base 15, what is 0 - -40?
40
In base 13, what is 4 + -82a?
-826
In base 7, what is -2224 - -42?
-2152
In base 3, what is -112 - -121112?
121000
In base 14, what is 9 + -217?
-20c
In base 16, what is -3 - fd?
-100
In base 16, what is 2 + -27?
-25
In base 13, what is -34 - -2?
-32
In base 7, what is -66 + -5?
-104
In base 4, what is -10100 + -10?
-10110
In base 14, what is -335 + 5?
-330
In base 15, what is -373 + 5?
-36d
In base 8, what is -2 - 2701?
-2703
In base 10, what is 4 - -51?
55
In base 8, what is 226 - 1?
225
In base 14, what is -5 - -19?
14
In base 5, what is 143 - 2?
141
In base 8, what is 372 + 117?
511
In base 13, what is -5 + 2615?
2610
In base 6, what is 45424 + -5?
45415
In base 10, what is 3 + -4?
-1
In base 16, what is 3 - -1a?
1d
In base 3, what is -21221 - 12?
-22010
In base 6, what is 154010 + 0?
154010
In base 11, what is 1 + -4?
-3
In base 3, what is -1 + 11021?
11020
In base 7, what is -5 - 4423?
-4431
In base 14, what is -5 - -294?
28d
In base 7, what is -34 - 1?
-35
In base 7, what is 4 + 24?
31
In base 14, what is -a + 1?
-9
In base 10, what is 2 - -27?
29
In base 9, what is 5 + -21?
-15
In base 15, what is -4 - 4c4?
-4c8
In base 8, what is 6303 - 2?
6301
In base 9, what is 1177 + -4?
1173
In base 16, what is c18 + c?
c24
In base 15, what is -b5 - -35?
-80
In base 7, what is -4 + 2113?
2106
In base 4, what is 21 + 3?
30
In base 6, what is 3 + -404?
-401
In base 2, what is 1110110010 - 100?
1110101110
In base 6, what is 320 - 2?
314
In base 12, what is -3 + -16?
-19
In base 9, what is -16 - 1?
-17
In base 10, what is 50 + 29?
79
In base 3, what is -1 + -22021?
-22022
In base 4, what is 1013 + -32?
321
In base 16, what is -b92 - -5?
-b8d
In base 4, what is -212 + 1300?
1022
In base 16, what is -bc3 + 3?
-bc0
In base 2, what is -100 - 10111?
-11011
In base 6, what is 0 + -50?
-50
In base 12, what is 6 - -48?
52
In base 12, what is 2 + 9a?
a0
In base 8, what is 3 - -71?
74
In base 13, what is -2 - 65a?
-65c
In base 10, what is -39 - 3?
-42
In base 15, what is -59 - -33?
-26
In base 10, what is -404 - 5?
-409
In base 15, what is 0 - -50e?
50e
In base 7, what is -2660 - 5?
-2665
In base 10, what is 4 + -43?
-39
In base 7, what is 16 + 44?
63
In base 7, what is -14423 + 5?
-14415
In base 8, what is 41 - 13?
26
In base 2, what is 1101001 - 0?
1101001
In base 16, what is 1 + -5d?
-5c
In base 15, what is -38 - -6?
-32
In base 6, what is 2 - 4513?
-4511
In base 8, what is -3555 + -1?
-3556
In base 15, what is 478 + 2?
47a
In base 4, what is 11 + 1131?
1202
In base 6, what is -1325 + -3?
-1332
In base 5, what is 333 - -303?
1141
In base 8, what is -4 - -54?
50
In base 13, what is 3 + a?
10
In base 3, what is 2 - -2100?
2102
In base 14, what is 3 - 2c6?
-2c3
In base 3, what is -2 - -21202?
21200
In base 16, what is -1 - 11?
-12
In base 12, what is -4 - 5?
-9
In base 2, what is -10010 - 10001?
-100011
In base 12, what is 6 + 9?
13
In base 4, what is 1 - -12111?
12112
In base 2, what is 101 - -100100100?
10010